e (-3)/(f/(-8) + 0). Let v = 12 - q. What is the remainder when v is divided by 9?
7
Let n be (6/1)/(9/6). Let a = 14 - n. What is the remainder when 27 is divided by a?
7
Let w(z) = -3*z - 9. Let o(q) = q**2 + 3*q - 2. Let v be o(-4). What is the remainder when ((-6)/v + -22)*-1 is divided by w(-6)?
7
Let q(k) = k**3 - 7*k**2 + 7*k + 6. What is the remainder when 35 is divided by q(6)?
11
Let l = 6 - 3. Suppose -l*f = -76 - 356. Let b = -91 + f. Calculate the remainder when b is divided by 18.
17
Suppose 3*a = 20 + 4. Let q = 171 + -140. Calculate the remainder when q is divided by a.
7
Let k(a) = a**3 + 17*a**2 + 16*a + 11. What is the remainder when k(-16) is divided by 0 + 1 - (1 + -4)?
3
Suppose -5*b - 4 = -4*a - 0, -2*a + 2 = 0. Let t = b + 3. What is the remainder when t is divided by 3?
0
Let q be (-2)/(-5) - (-21)/(-15). Calculate the remainder when ((-11)/22)/(q/26) is divided by 9.
4
Let x(f) = 3*f - 5. Let h(y) = 8*y**2 - 3*y + 2. Calculate the remainder when h(2) is divided by x(5).
8
Suppose 37 + 13 = 5*t. Calculate the remainder when 17 is divided by t.
7
Let k(f) = f**2 - 5*f - 3. Let t be k(6). Suppose 4*w - 5*c - 40 = -7, c = -4*w + t. Suppose -3*n + w = -2*n. What is the remainder when 2 is divided by n?
0
Suppose 0*y + 3*y = -18. Let p(d) = d**2 + 3*d + 3. What is the remainder when (-19)/(-2 - 9/y) is divided by p(-5)?
12
Suppose -3*u - 4*w = -9*w - 39, -4*u = 2*w - 52. Calculate the remainder when (-16 + 0)*99/(-44) is divided by u.
10
Calculate the remainder when 2 - -37 - 10/(-5) is divided by 21.
20
Let q(d) = 8*d - 7. Let f(j) = -9*j + 8. Let s(u) = -4*f(u) - 5*q(u). What is the remainder when 44 is divided by s(-3)?
14
Let v(h) = -18*h. Let f be v(1). Let u = f - -31. Calculate the remainder when u is divided by (-1)/((-3)/30*2).
3
Suppose 2*j + 7 - 1 = -4*q, -4*q - 12 = 0. Suppose -20 = 5*c + 2*x + x, 3*x = 2*c - 13. Calculate the remainder when (-1)/(4/5 + c) is divided by j.
2
Suppose -5*n - 25 = 0, -29 = 5*v - n - 129. Calculate the remainder when 1/(1 + 34/(-35)) is divided by v.
16
Let b = 43 - 27. Suppose 0 = -2*m - 0 + b. Calculate the remainder when 21 is divided by m.
5
Suppose 0 = -d + 4*d - 39. What is the remainder when 37 is divided by d?
11
Suppose -5*g + 9 + 11 = 0. Suppose 0 = -g*v - 101 - 19. Calculate the remainder when 23 is divided by 2/4 - v/4.
7
Let x be 2 + -3 - 12/1. Let v = x + 23. Calculate the remainder when 1 - (-3 - -2) - -26 is divided by v.
8
Suppose 5*y - 245 = -0*y. Suppose 3*z - 6*z + 43 = 2*b, 3*z = 5*b + 71. Calculate the remainder when y is divided by z.
15
Suppose 0 = -4*a - 18 - 2. Let g = a + 58. What is the remainder when g is divided by 18?
17
Let g(s) = -s**3 + 8*s**2 + 2*s - 9. Let m(t) = -t**3 + 6*t**2 + 8. Let a be m(6). What is the remainder when (18/4)/(6/16) is divided by g(a)?
5
Suppose 4*r + 22 = 2. Let i = -1 - r. What is the remainder when i is divided by ((-4)/3)/(4/(-6))?
0
Let s = 60 - 27. Calculate the remainder when s*(1 - (-1)/(-3)) is divided by 8.
6
Suppose 2*w - 13 = 9. Calculate the remainder when w is divided by 4.
3
What is the remainder when ((-6)/(-12))/((-2)/(-4)) is divided by 1?
0
Suppose -3*d - 25 = 5*u, -2*d = -0*u + 4*u + 18. Calculate the remainder when 37 - u/(-4)*-2 is divided by 13.
12
Suppose -3*b = -b - 22. Let u(c) = -c**2 - 5*c - 1. Calculate the remainder when b is divided by u(-4).
2
Suppose -2*f - 218 = -4*a, -2*a + 97 = -0*a + 3*f. Suppose 0 = -4*z - 5*k + 67, z + 2*k = -0*z + 16. Calculate the remainder when a is divided by z.
17
Let u be (2/1)/(4/222). Let g be (-2)/(-2) - (-4 + 2) - -1. Suppose u = -l + g*l. What is the remainder when l is divided by 13?
11
Suppose 4*x - 2*u - 22 = 0, 7 = x - 0*x - u. Calculate the remainder when 26 is divided by x.
2
Suppose -2*w - 3*k = -5, 4*w + w - 22 = 2*k. Let g = 7 - w. Suppose g*b + 3*v - 57 = 2*v, 0 = -5*b + 4*v + 95. Calculate the remainder when b is divided by 7.
5
Let z(c) = c**3 + c**2 + 1. Suppose -2*b + 152 = 2*b. What is the remainder when b is divided by z(2)?
12
Let n(u) = u - 4. Suppose -3*c = 4*t + 2*c + 2, 3*t = 2*c + 10. What is the remainder when t + 1*(-1 + 2) is divided by n(6)?
1
Let o(k) = -k**3 + 3*k**2 + 3*k - 4. Let a be o(-4). Let d be 2 - a/((-9)/(-3)). Let r = -10 - d. Calculate the remainder when r is divided by 11.
9
Let h(y) = -y + 10. Calculate the remainder when (1 + 3)*(-41)/41 - -21 is divided by h(0).
7
What is the remainder when (12/4 + -2)*7 is divided by ((-10)/4)/(1/(-2))?
2
Suppose -4*s = 3*u - 605, -3*u + 89 + 206 = 2*s. Calculate the remainder when s is divided by 26.
25
Suppose 4*v + 43 = x - 23, 0 = -4*x + v + 279. Calculate the remainder when x is divided by 18.
16
Suppose -5*c + 70 = 10. Calculate the remainder when 34 is divided by c.
10
Let c = -19 + 32. Calculate the remainder when c is divided by 4.
1
Suppose 7*o = 4*o + 96. Suppose -u - o + 111 = 0. What is the remainder when u is divided by ((-90)/(-3) - 3)*(-3 - -4)?
25
Let n = 16 + 2. Calculate the remainder when 52 is divided by n.
16
Let f be 6/(-9)*(-9)/2. Suppose 0*h = f*h - 6. Calculate the remainder when h is divided by 2.
0
Let n(a) = -a + 1. Let v be -8 + 5/((-5)/(-2)). Calculate the remainder when n(v) is divided by (2/3)/(5/30).
3
Let o be 35 - 0/(-2) - -1. Calculate the remainder when ((0 - 0) + 1)*o is divided by 19.
17
Suppose 0 = -f - x + 15, 8*x - 10*x - 110 = -5*f. What is the remainder when f is divided by 11?
9
Suppose 0 = 3*n - 4*r - 2, -4*n + 5*r = 2*r - 5. Suppose c - 5*a = -n*c + 22, 16 = 3*c - 2*a. What is the remainder when 10 is divided by c?
2
Calculate the remainder when (-160)/(-3) + 8/12 is divided by 14.
12
Suppose 2*f = 4*f - 56. Suppose 7*t = 3*t + f. What is the remainder when 24 is divided by t?
3
Suppose -5*k + 35 + 15 = 0. Calculate the remainder when k is divided by 7.
3
Let a = -1 - 0. Let l = 2 - a. Suppose 5*o - 4*o - l = 0. What is the remainder when o is divided by 3?
0
Suppose -5*d - 41 = -2*n, 0 = -5*n - 0*n - 3*d + 25. Suppose 0 = 3*c + 5*f - 5, -5*f - 9 = 1. What is the remainder when n is divided by c?
3
Let i be -2*7/2*-1. Let p(x) = -2*x - 6. Let t be p(-11). What is the remainder when 2 is divided by t/i - 2/7?
0
Suppose -3*j = -4*j + 44. Suppose 2*w - 7*w + 36 = 4*p, -5*w + j = -4*p. Let f = 33 - w. Calculate the remainder when 49 is divided by f.
24
Let h(l) = -l**3 + 6*l**2 + 2*l + 10. Suppose -w = -5*q - 3*w + 72, 2*w = -8. What is the remainder when h(5) is divided by q?
13
Suppose 38*x = 41*x - 15. What is the remainder when 15 is divided by x?
0
Let c(x) = 2*x**2 + 20*x - 10. Calculate the remainder when 70 is divided by c(-11).
10
Let h(r) = r**2 - 3*r - 3. Let a be h(6). Let u be ((-20)/2)/(5/a). Calculate the remainder when 9 is divided by u/(-12) - (-2)/4.
0
Let n be (-1)/2*(-1 - -1). Let d be (n + -2)/(-2 - 0). What is the remainder when (d + 1)*(-172)/(-8) is divided by 15?
13
Suppose -2 = 2*b, -i + 3*b = -6*i + 447. Let p = -24 + i. Suppose -26 = 4*f - p. Calculate the remainder when 18 is divided by f.
8
Let l(r) = r + 2. Calculate the remainder when 12 is divided by l(5).
5
Let k(w) = 8*w - 2. Let b(r) = -r + 4. Let o be b(3). Calculate the remainder when k(o) is divided by 3.
0
Suppose 5*z + 4*m - 2*m = 232, -3*z + 164 = -5*m. Calculate the remainder when 31 is divided by 0 - (-5)/(15/z).
15
Let f(t) = 1. Let k(s) = s**3 + 12*s**2 - 11*s + 10. Let m(c) = -6*f(c) - k(c). Let h(r) = 5*r - 1. Calculate the remainder when m(-13) is divided by h(1).
2
Suppose -3*i - 4 = -5*i. Suppose s + 8 = i*s. What is the remainder when 29 is divided by s?
5
Suppose -p - 2 = 3*x - 22, 3*p = -3*x + 30. Suppose -4*w = 3*n + 14, -x*w + 0 - 21 = 2*n. Suppose m = 2 + n. Calculate the remainder when 11 is divided by m.
3
Let r be (6/5)/((-4)/(-10)). Calculate the remainder when (-3 - -4)/(r/141) is divided by 24.
23
Suppose r - 36 = -2*r. Calculate the remainder when 59 is divided by r.
11
Let s(f) = -f + 37. What is the remainder when s(0) is divided by (-3)/2*2*(-10)/3?
7
Let l(g) = -g**3 + 5*g**2 + 7*g + 5. Suppose -2*c - 32 = 4. Let j = 14 - c. What is the remainder when j is divided by l(6)?
10
Let q be (-2)/(-9) - (-500)/18. Let h = -10 + q. What is the remainder when h is divided by 5?
3
Let z = 313 - 221. Calculate the remainder when